 base 10
-15304
What is 5046 (base 7) in base 8?
3325
Convert -111110 (base 3) to base 8.
-553
Convert 410 (base 8) to base 11.
220
-1610 (base 9) to base 12
-860
-101011101 (base 2) to base 7
-1006
2012211 (base 4) to base 7
34053
1655 (base 13) to base 16
cd1
Convert 2b16 (base 12) to base 10.
5058
What is 36d (base 16) in base 9?
1174
-578 (base 9) to base 14
-260
-1214 (base 5) to base 14
-d2
What is 112003 (base 4) in base 15?
641
What is b99 (base 13) in base 11?
1545
Convert -7336 (base 10) to base 7.
-30250
72754 (base 10) to base 8
216062
Convert 255 (base 12) to base 16.
161
Convert -37337 (base 9) to base 8.
-60747
-11314 (base 6) to base 2
-11001011110
Convert 110020010 (base 3) to base 5.
241123
-13148 (base 12) to base 8
-63010
Convert -4722 (base 13) to base 11.
-7570
Convert 3411 (base 8) to base 16.
709
Convert -1178 (base 9) to base 13.
-52a
What is -a65 (base 14) in base 11?
-15a3
Convert -2396 (base 16) to base 13.
-41ba
Convert -b60 (base 16) to base 15.
-ce2
What is -1110001110 (base 2) in base 11?
-758
What is a78 (base 14) in base 8?
4022
What is 61ba (base 12) in base 13?
4b07
-25fd (base 16) to base 14
-3789
-5e60 (base 16) to base 12
-11b94
-b9 (base 16) to base 4
-2321
29470 (base 10) to base 2
111001100011110
-12526 (base 7) to base 2
-110100011000
-1110101101101 (base 2) to base 8
-16555
-1a23 (base 12) to base 11
-2445
What is -520 (base 6) in base 4?
-3000
6553 (base 9) to base 6
34203
Convert -54 (base 12) to base 14.
-48
24321 (base 7) to base 16
18c0
Convert 1888 (base 11) to base 9.
3251
Convert -12532 (base 7) to base 9.
-4537
Convert -112010 (base 4) to base 8.
-2604
Convert 322 (base 16) to base 15.
387
-757 (base 12) to base 8
-2063
What is 315 (base 12) in base 3?
121122
316d (base 16) to base 10
12653
Convert -20231 (base 4) to base 11.
-467
Convert -10313013 (base 4) to base 10.
-19911
What is 16c (base 15) in base 13?
1c2
-1001110100 (base 3) to base 13
-959a
-654 (base 15) to base 14
-741
What is -2517 (base 9) in base 11?
-1459
What is 44344 (base 7) in base 4?
2232103
What is -10110101110 (base 2) in base 12?
-a12
149 (base 13) to base 2
11100110
What is 787 (base 12) in base 15?
4e1
-4a0b (base 12) to base 4
-2002223
814 (base 14) to base 2
11000110010
What is -148 (base 12) in base 14?
-104
What is 220154 (base 6) in base 8?
43446
Convert 340c (base 15) to base 12.
6479
1550 (base 7) to base 8
1157
-5767 (base 9) to base 14
-17b3
What is -44020 (base 5) in base 16?
-bc2
Convert -1904 (base 14) to base 15.
-150c
-1585 (base 13) to base 12
-19a7
Convert 106504 (base 8) to base 4.
20311010
What is -330110 (base 4) in base 6?
-25512
What is 1eb (base 15) in base 7?
1205
What is 20341 (base 5) in base 2?
10101000010
Convert 2200142 (base 5) to base 7.
214316
3583 (base 16) to base 12
7b17
What is -8001 (base 11) in base 3?
-112121102
Convert -52b4 (base 12) to base 10.
-9064
-232 (base 15) to base 16
-1f1
1001111000000 (base 2) to base 5
130211
-1100111101110011 (base 2) to base 5
-3144412
Convert -23342 (base 5) to base 7.
-5010
What is 457 (base 10) in base 3?
121221
Convert -13038 (base 11) to base 14.
-6b3d
What is 880 (base 15) in base 4?
132000
Convert 251255 (base 6) to base 10.
22355
44206 (base 9) to base 2
111001010010000
Convert a5c5 (base 13) to base 10.
22976
12022222 (base 3) to base 15
1242
What is -4885 (base 11) in base 3?
-22202111
What is -22200 (base 4) in base 5?
-10142
-2616 (base 10) to base 2
-101000111000
198a (base 13) to base 9
5227
21831 (base 9) to base 15
4487
-103113 (base 5) to base 4
-313031
-2451 (base 10) to base 7
-10101
What is -1599 (base 10) in base 5?
-22344
-2202020 (base 3) to base 15
-8d9
Convert 221a (base 12) to base 8.
7266
What is 1000011110 (base 2) in base 9?
662
5053 (base 6) to base 13
678
-5418 (base 15) to base 10
-17798
Convert 10100010 (base 2) to base 16.
a2
What is -14a5 (base 16) in base 12?
-3085
Convert 16620 (base 8) to base 6.
55012
Convert -53 (base 15) to base 10.
-78
-732 (base 15) to base 9
-2202
6105 (base 7) to base 6
13440
Convert -231025 (base 7) to base 6.
-514351
What is 51 (base 10) in base 6?
123
What is 10221 (base 8) in base 2?
1000010010001
What is 237 (base 8) in base 10?
159
What is 1021000 (base 3) in base 2?
1110010110
-12b (base 12) to base 9
-218
Convert -7604 (base 8) to base 11.
-2a91
-1034 (base 8) to base 13
-327
What is 10200221111 (base 3) in base 16?
11c9b
Convert -2110212 (base 3) to base 6.
-12205
What is -1000101001 (base 2) in base 11?
-463
214b (base 14) to base 4
1121313
134344 (base 5) to base 16
15df
Convert -225352 (base 7) to base 14.
-10999
What is 11523 (base 6) in base 16?
6ab
What is 5857 (base 10) in base 12?
3481
Convert 110110111010100 (base 2) to base 13.
ca4a
What is -14 (base 15) in base 6?
-31
What is -5454 (base 6) in base 16?
-4ea
-11460 (base 8) to base 11
-3766
Convert -6142 (base 7) to base 8.
-4131
1100332 (base 6) to base 9
82752
What is 127a (base 16) in base 13?
21cb
Convert 2212444 (base 5) to base 6.
454123
What is -58a (base 12) in base 7?
-2260
Convert -1596 (base 14) to base 6.
-25504
What is 14e6 (base 16) in base 6?
40434
What is 1b33 (base 12) in base 14?
1315
Convert 448a (base 13) to base 5.
301303
What is -20003 (base 4) in base 12?
-36b
1cb68 (base 14) to base 4
101331320
88a (base 16) to base 8
4212
42426 (base 8) to base 2
100010100010110
What is 25395 (base 10) in base 2?
110001100110011
What is -1202002101 (base 3) in base 4?
-20120113
Convert -1233223 (base 4) to base 9.
-10721
Convert -6357 (base 8) to base 13.
-1679
464 (base 10) to base 15
20e
Convert 310210 (base 4) to base 12.
1b44
What is -1132 (base 7) in base 6?
-1531
2429 (base 10) to base 15
abe
8663 (base 11) to base 9
16624
What is 4685 (base 12) in base 14?
2c29
Convert 457 (base 8) to base 6.
1223
What is -332114 (base 5) in base 10?
-11534
What is 361 (base 14) in base 13?
3ca
2306 (base 8) to base 6
5354
What is 5a55 (base 13) in base 2?
11000111001001
111121 (base 3) to base 11
304
-7575 (base 8) to base 6
-30205
What is -e45 (base 16) in base 9?
-5008
What is -44880 (base 9) in base 16?
-74b8
Convert 7364 (base 11) to base 3.
111101010
Convert 213 (base 14) to base 12.
2a1
What is -a57 (base 12) in base 10?
-1507
-2020 (base 6) to base 10
-444
Convert -110001 (base 3) to base 10.
-325
-579 (base 15) to base 8
-2327
What is 2431 (base 6) in base 7?
1510
Convert -101110010010110 (base 2) to base 8.
-56226
Convert -1303023 (base 4) to base 12.
-4323
-1224111 (base 5) to base 2
-101110001101000
111 (base 4) to base 6
33
What is 383 (base 12) in base 4?
20103
Convert -226a (base 12) to base 7.
-14104
What is -111011001111100 (base 2) in base 7?
-154301
12313 (base 5) to base 6
4234
What is 17a6 (base 14) in base 2?
1000010100110
Convert 1321 (base 6) to base 12.
241
9ea3 (base 16) to base 4
21322203
109 (base 10) to base 16
6d
Convert 3111320 (base 4) to base 6.
143212
810 (base 10) to base 14
41c
Convert -885 (base 14) to base 9.
-2272
1889 (base 12) to base 3
11002120
What is -1210222 (base 3) in base 8?
-2452
72503 (base 9) to base 3
2102120010
Convert -617 (base 11) to base 4.
-23220
What is -100010110010 (base 2) in base 11?
-1744
What is -659 (base 12) in base 7?
-2502
What is 3b5 (base 14) in base 4?
23223
Convert 10004 (base 5) to base 10.
629
Convert 288 (base 16) to base 2.
1010001000
Convert 2440114 (base 5) to base 6.
554140
Convert -336 (base 10) to base 11.
-286
-1102020120 (base 3) to base 15
-83d9
-200112 (base 4) to base 12
-1246
What is -6241 (base 9) in base 12?
-2791
Convert 670 (base 9) to base 16.
225
What is -30233 (base 5) in base 14?
-9cb
Convert 2870 (base 10) to base 9.
3838
Convert 14 (base 13) to base 2.
10001
What is -22214 (base 5) in base 2?
-11000010111
Convert -502 (base 13) to base 10.
-847
Convert -331323 (base 5) to base 16.
-2cc7
-c047 (base 14) to base 4
-20003133
Convert -3353 (base 7) to base 9.
-1588
What is -172063 (base 8) in base 6?
-1201231
-1524 (base 13) to base 8
-6000
Convert 3d16 (base 14) to base 5.
321200
Convert -61243 (base 7) to base 2.
-11101000011110
Convert 1064 (base 10) to base 16.
428
Convert -24000 (base 6) to base 15.
-1056
What is 1010111110 (base 2) in base 13?
420
What is -1146 (base 12) in base 14?
-9b8
Convert -152304 (base 6) to 